ate the remainder when 157 is divided by 1 - (2 + (-3 - -4)) - -55.
51
Let s(d) = -16*d + 119. Calculate the remainder when s(-3) is divided by 14.
13
Let h(i) = 4*i**3 + 45*i**2 - 20*i - 9. Calculate the remainder when h(-11) is divided by 37.
36
Let y = 445 + -144. What is the remainder when y is divided by 8?
5
Suppose -4*x - p - 4*p + 96 = 0, -5*x + 4*p + 161 = 0. What is the remainder when 67 is divided by x?
9
Suppose -5*i + 1 + 4 = 0, 3*f + 5*i + 70 = 0. Let x = f - -48. What is the remainder when 41 is divided by x?
18
Let l(b) = -b + 8. Let p be l(4). Suppose -14 = -p*o - 2. Suppose -o*f + 58 = 7. Calculate the remainder when 32 is divided by f.
15
Let o(p) = 4*p**2 + 5*p + 2. What is the remainder when o(-3) is divided by 9?
5
Let z(o) = 68*o**2 - 122*o - 245. What is the remainder when z(-2) is divided by 87?
10
Let a(x) = 5*x**2 - 15*x - 64. Calculate the remainder when a(9) is divided by 16.
14
Suppose 2*w + 126 = 4*x, -5*w = x - 2 - 2. What is the remainder when 111 is divided by x?
24
Suppose 61*a + i = 57*a + 325, 0 = i + 3. Calculate the remainder when a is divided by 32.
18
Let p = 761 - 706. What is the remainder when 822 is divided by p?
52
Let l be (0 - -4)*5/4. Let o be 40 - 3/(-15)*-5. Let q = o - l. Calculate the remainder when q is divided by 12.
10
Let z = -373 - -756. What is the remainder when z is divided by 64?
63
Suppose -3*u = -7 + 1. Let h be (6 + -15)/((-3)/u). What is the remainder when 17 is divided by h/((-4)/(-60)*9)?
7
Let k = 40 + -11. Let l = 21 + -13. Let s = 7 + l. Calculate the remainder when k is divided by s.
14
Let y(g) = g**2 - 12*g + 53. What is the remainder when 197 is divided by y(10)?
32
Suppose -3*a = 5*l - 204, 2*l = -3*l + a + 192. What is the remainder when 779 is divided by l?
38
Let h = 11 - 8. What is the remainder when (24/(-9) + h)/((-2)/(-162)) is divided by 14?
13
Let g(j) = -4*j - 47. Calculate the remainder when 372 is divided by g(-15).
8
Let d = 97 + -62. What is the remainder when 81 is divided by (132/(-110))/((-1)/d)?
39
Let g = -32 - -13. Let q = 26 + g. Suppose -p = 4*p - 25. What is the remainder when q is divided by p?
2
What is the remainder when 1/(-7) - (6 + 1920/(-14)) is divided by 125?
6
Suppose -2*c + 5 = -5*n - 176, -4*c + 5*n = -377. Calculate the remainder when c is divided by 10.
8
Suppose 0 = x + 13 - 13. What is the remainder when 3/(-1) + 64*1 + x is divided by 9?
7
Let w(d) = d**2 + 9*d - 5. Suppose -l + 2*o = 20, 5*l - 3*o + 32 = -40. Suppose 8 = 5*x - 32. What is the remainder when w(l) is divided by x?
7
Let z = 62 + -60. Let b(s) = 5*s**2 - 4*s + 10. What is the remainder when b(z) is divided by 6?
4
Let m = -229 - -262. Calculate the remainder when m is divided by 20.
13
Suppose 6*q - 740 - 652 = 0. Calculate the remainder when q is divided by 16.
8
Let k = -31 + 139. Calculate the remainder when k is divided by 31.
15
Let o(c) = -2*c**3 - 10*c**2 + 7*c - 33. What is the remainder when o(-8) is divided by 27?
25
Calculate the remainder when (-195480)/(-560) + 1/(-1 + -13) is divided by 16.
13
Let g(m) = -m + 78. Let q be (258/8)/(10/40). Suppose -4*c - 21 = -q. What is the remainder when g(0) is divided by c?
24
Suppose 0 = 4*g - r + 361, -5*g - 5 - 447 = -r. Let b = 84 - g. What is the remainder when b is divided by 44?
43
Suppose f + 146 = 3*f. What is the remainder when f is divided by ((-15)/4)/(2/32*-4)?
13
Let r be 1 + (-5 - (3 + -7)). Suppose -5*f + r*f + 95 = 0. What is the remainder when f is divided by 10?
9
Suppose 4*n - 6 = 290. Calculate the remainder when n is divided by 11.
8
Suppose 2*d + 2*d = 4. Suppose j = -d, w = -2*j + 7*j + 10. Calculate the remainder when 7 is divided by w.
2
Suppose -5*v = -9*v. Suppose 0 = 3*a + 3*u - 10 - 23, v = 5*a - u - 25. What is the remainder when -9*7*a/(-18) is divided by 12?
9
Suppose 0 = -6*t + 9*t + 3*k - 90, 3*t - 3*k = 60. What is the remainder when 120 is divided by t?
20
Let c = 2124 - 2019. What is the remainder when c is divided by 27?
24
What is the remainder when 65 is divided by ((-308)/(-35))/((-2)/(-5))?
21
Suppose 4*u - i + 225 = 0, 0 = -3*u + u - 2*i - 120. Let s = u + 134. Calculate the remainder when s is divided by 118/3 + (-6)/(-9).
37
Suppose 5*c - 3*b = 184 + 31, 3*c - 105 = -3*b. Suppose -x + c = 3*x. Calculate the remainder when x is divided by 8.
2
Let f = -20 - 7. Let o = -4 - f. Let i = o - 16. Calculate the remainder when 20 is divided by i.
6
Calculate the remainder when (2/3)/((-7)/252*-1) is divided by 12.
0
What is the remainder when 58*(264/(-80))/((-12)/20) is divided by 36?
31
Suppose -5*g + 505 - 125 = 0. Suppose 3*l = 12, -4*p + g = l - 3*l. Calculate the remainder when p is divided by 11.
10
Suppose 3*m = 0, -2*j = -0*j + 4*m + 4. Calculate the remainder when (-1)/(2/(-4))*2 is divided by (12/16)/(j/(-8)).
1
Let o = -13 + -3. Let p(u) = u**3 + 17*u**2 + 15*u - 12. Let l be p(o). Suppose l*q = 3*q + 15. What is the remainder when q is divided by 9?
6
What is the remainder when -412*(559/(-52) + 10) is divided by 8?
5
Let m(f) = 3*f - 3. Suppose -1 = 4*b + 3. Let j = 5 + b. What is the remainder when 33 is divided by m(j)?
6
What is the remainder when ((-2)/6)/(-9 - 8664/(-963)) is divided by 5?
2
Let r = 179 + -115. Let t = 28 + r. Suppose 0 = 5*z + 2 - t. What is the remainder when z is divided by 10?
8
Calculate the remainder when ((-189)/(-15))/((-3)/(-15)) is divided by 2.
1
Suppose -28 = -5*i - 4*k + k, i - 4 = k. Suppose -99 = -i*w - 0*r - 4*r, 2*w - 33 = 5*r. What is the remainder when 36 is divided by w?
17
Suppose 2*g - 380 + 316 = 0. Let k(c) = -3*c + 2. Calculate the remainder when g is divided by k(-3).
10
Let o(p) = -14*p**3 + 1484*p**2 - 1 - 1484*p**2. What is the remainder when 47 is divided by o(-1)?
8
Suppose -59*i + 39*i = -5600. Calculate the remainder when i is divided by 16.
8
Suppose 0 = 8*h - 2*h - 72. Suppose -h = -c - 1. Calculate the remainder when c is divided by 7.
4
Let f = 252 + -151. Let v = -627 + 640. What is the remainder when f is divided by v?
10
Suppose 2*z = 3*t - 200, 0 = 4*t + 2*z + z - 261. Calculate the remainder when t is divided by 44.
22
Suppose 2*m - 10*m = 24. What is the remainder when (m/(-2))/(3/82) is divided by (-4 + 1)*(-6 - 1)?
20
Let h be 3/(-2 - (-2 + -1)). Let x = 11 + h. Let n = 22 + x. What is the remainder when n is divided by 13?
10
Let v be 117/(-65)*(-20)/6. Suppose 0 = -b - 4*p - 3 + 32, 3*p = v. Calculate the remainder when 80 is divided by b.
17
Suppose -15*g = -94 - 1001. Suppose 3*x - 38 = g. Calculate the remainder when 109 is divided by x.
35
Let x(p) = -p**3 - 8*p**2 - 4*p - 3. Let s be x(-9). Suppose -153 - s = -3*c. Let z = c + -50. What is the remainder when z is divided by 7?
4
Let w(k) = 5*k - 7. Let o be w(2). Suppose -130 = l - o*l. What is the remainder when l is divided by 17?
14
Suppose 0 = -2*d - 4*a - a + 76, 4*d - 4*a - 96 = 0. Let h = d + -16. Let f(n) = n**3 - 4*n**2 - 6*n - 2. Calculate the remainder when f(6) is divided by h.
10
Let u(n) = -9*n + 0*n + n + 0 - 6. What is the remainder when u(-5) is divided by 12?
10
Suppose 5*h - 3*k - 92 = -6, -2*k + 101 = 5*h. Let u(y) = -76*y**3 + y**2 + y - 1. Calculate the remainder when u(-1) is divided by h.
18
Let q = 1 - -9. Let a(u) = -45*u - 6. Calculate the remainder when a(-1) is divided by q.
9
What is the remainder when (-184)/(-32)*-1*4*-3 is divided by 31?
7
Let d = 1264 + -901. What is the remainder when d is divided by 91?
90
Calculate the remainder when (-34 - -15)/(1/(-44)) is divided by 105.
101
Suppose -a - 31 + 134 = 0. Suppose 105 = -8*x + 13*x. What is the remainder when a is divided by x?
19
Let r = 12 - 9. Let b be 3/(30/8 - r). Suppose -b*u + 43 = 4*d - 21, 0 = -5*d - 2*u + 65. What is the remainder when 42 is divided by d?
9
Let q(u) = 2*u**2 - 6*u - 6. Let k = -21 + 11. Let p = 15 + k. Calculate the remainder when 26 is divided by q(p).
12
Suppose -145 = -15*f + 170. Calculate the remainder when 44 is divided by f.
2
Suppose -65*z + 994 = -51*z. Calculate the remainder when z is divided by 13.
6
Let v(q) = -q**2 - 4*q - 3. Let h be v(-3). Suppose 5*r - 10 - 50 = h. Suppose -5*t = -3*t - 86. What is the remainder when t is divided by r?
7
Let m(u) = u**3 - 8*u**2 + 6*u + 10. Let j be m(7). Suppose 3*g - 587 = 